45835 a composite number?
True
Is 4492231 a composite number?
False
Is 6534089 a composite number?
True
Is 170650603 a prime number?
True
Is 4749439 composite?
True
Is 3400127 a composite number?
False
Is 40843955 a composite number?
True
Is 14976863 prime?
False
Is 8801543 a composite number?
False
Is 33992051 prime?
False
Is 19595801 a composite number?
False
Is 22597697 composite?
False
Is 123499733 composite?
True
Is 1301449 a composite number?
True
Is 248581 prime?
False
Is 263773 a prime number?
False
Is 3355949 composite?
False
Is 136255489 composite?
True
Is 3579547 a composite number?
False
Is 10806161 prime?
True
Is 8675671 a prime number?
True
Is 2312099 a composite number?
False
Is 70448933 composite?
True
Is 23402473 a composite number?
False
Is 1735541 composite?
False
Is 7143779 composite?
True
Is 5212111 composite?
False
Is 528239 prime?
False
Is 45773129 a composite number?
True
Is 72001 prime?
False
Is 16499759 a composite number?
False
Is 4054823 a composite number?
True
Is 970316923 a prime number?
False
Is 2072773 prime?
True
Is 18609589 a prime number?
False
Is 6906061 composite?
False
Is 1426457 a prime number?
True
Is 5484499 composite?
True
Is 2714903 composite?
False
Is 47931019 a prime number?
True
Is 1178615 a composite number?
True
Is 463227 prime?
False
Is 53977247 composite?
False
Is 1898399 prime?
False
Is 1552283 prime?
False
Is 80482147 prime?
False
Is 1016789 prime?
True
Is 7605967 prime?
True
Is 1803779 prime?
False
Is 12330869 prime?
True
Is 69778601 a prime number?
True
Is 109229717 a composite number?
True
Is 815216987 composite?
True
Is 960590833 a prime number?
True
Is 46609861 prime?
True
Is 56430269 composite?
True
Is 38662957 a prime number?
True
Is 71240623 a composite number?
False
Is 461485 a composite number?
True
Is 28871589 composite?
True
Is 212283587 composite?
False
Is 4541347 prime?
True
Is 5389847 a prime number?
True
Is 169369699 composite?
False
Is 12701273 a prime number?
False
Is 403774777 composite?
True
Is 98589917 a prime number?
False
Is 11040067 composite?
False
Is 211404994 a composite number?
True
Is 53673847 prime?
False
Is 2707183 a composite number?
False
Is 3560173 a composite number?
False
Is 25460933 a prime number?
True
Is 6108541 prime?
True
Is 188642173 prime?
True
Is 14378087 composite?
False
Is 12069011 composite?
False
Is 9887321 a prime number?
True
Is 2916467 a composite number?
True
Is 919337 prime?
True
Is 6578879 composite?
True
Is 2396773 composite?
True
Is 5206541 prime?
True
Is 14408489 a prime number?
False
Is 12554881 a prime number?
False
Is 3245057 composite?
False
Is 3338807 a composite number?
False
Is 11186893 a composite number?
True
Is 157539481 composite?
True
Is 525560269 a composite number?
True
Is 663005173 a composite number?
False
Is 893821 a prime number?
True
Is 7471229 prime?
False
Is 288333163 a composite number?
True
Is 5254219 prime?
False
Is 72944087 prime?
True
Is 13879457 composite?
False
Is 233570767 prime?
True
Is 2587337 composite?
False
Is 7525867 a prime number?
True
Is 9027679 composite?
True
Is 23644891 composite?
False
Is 304673461 composite?
False
Is 1436527 prime?
True
Is 73167287 a prime number?
True
Is 203498831 composite?
True
Is 7444273 prime?
True
Is 292885277 prime?
False
Is 44679073 a composite number?
True
Is 25863647 composite?
True
Is 9836441 a composite number?
False
Is 8162437 composite?
False
Is 80433761 prime?
False
Is 48559983 a composite number?
True
Is 1076549 prime?
False
Is 4590029 a prime number?
True
Is 6835249 a prime number?
True
Is 5553949 composite?
False
Is 19580983 a prime number?
True
Is 20412566 a composite number?
True
Is 118625069 composite?
True
Is 107060771 composite?
True
Is 32437681 a prime number?
True
Is 34001899 prime?
True
Is 3649303261 a prime number?
True
Is 2151961 composite?
True
Is 1218467 composite?
False
Is 20337 prime?
False
Is 2444063 composite?
False
Is 222679 prime?
True
Is 5407979 a prime number?
False
Is 13321561 prime?
False
Is 22040089 a prime number?
False
Is 51623449 composite?
False
Is 67691023 a prime number?
True
Is 139354045 a composite number?
True
Is 42885671 composite?
False
Is 354764207 prime?
False
Is 4436777 prime?
False
Is 49730557 prime?
True
Is 50763385 a composite number?
True
Is 63872743 composite?
True
Is 81582521 a composite number?
True
Is 35683411 prime?
False
Is 228020699 prime?
False
Is 13953143 a composite number?
False
Is 796143 prime?
False
Is 64984849 composite?
False
Is 41654639 composite?
True
Is 6725279 prime?
False
Is 3035939 composite?
False
Is 116736379 a composite number?
False
Is 4759133 a prime number?
False
Is 43569049 a composite number?
True
Is 877589 prime?
False
Is 10070327 a prime number?
False
Is 7134319 a prime number?
False
Is 5781877 a composite number?
True
Is 266238619 a prime number?
True
Is 313787 a prime number?
False
Is 9547123 composite?
False
Is 3671401 composite?
False
Is 29096993 a prime number?
False
Is 1048378 prime?
False
Is 66844651 prime?
False
Is 1638011 a prime number?
True
Is 25032962 composite?
True
Is 28487153 a prime number?
True
Is 5903273 prime?
False
Is 18980713 a prime number?
False
Is 34332631 prime?
False
Is 20950457 composite?
True
Is 256421 a prime number?
False
Is 30261017 a composite number?
False
Is 14353751 a composite number?
True
Is 10797613 prime?
True
Is 7554149 composite?
True
Is 38966903 a composite number?
False
Is 107235929 prime?
False
Is 1093884763 composite?
True
Is 156918181 prime?
False
Is 249127 composite?
False
Is 389142889 a prime number?
True
Is 29508343 prime?
True
Is 318500191 prime?
True
Is 15427189 a composite number?
False
Is 1897488287 a composite number?
False
Is 13089317 composite?
True
Is 33703121 composite?
False
Is 213014663 a composite number?
False
Is 33353097 a composite number?
True
Is 5922541 composite?
False
Is 303576913 prime?
True
Is 4527755 composite?
True
Is 10352257 a prime number?
False
Is 6883841 prime?
True
Is 5791717 prime?
True
Is 31549201 composite?
False
Is 2374963 a composite number?
False
Is 1063747 a prime number?
True
Is 4745149 a composite number?
False
Is 16542157 a prime number?
False
Is 88161683 composite?
False
Is 163934819 composite?
False
Is 12321293 prime?
False
Is 3870437 a prime number?
True
Is 8572217 composite?
False
Is 18743233 composite?
False
Is 28306039 a composite number?
False
Is 23304319 composite?
False
Is 2302403 a composite number?
False
Is 71607269 a composite number?
False
Is 85978727 a composite number?
True
Is 36215921 composite?
True
Is 88772867 a composite number?
False
Is 50166307 a composite number?
True
Is 198179 composite?
False
Is 10414658 composite?
True
Is 6021949 a composite number?
False
Is 18150323 composite?
False
Is 1835689 prime?
True
Is 3690437 composite?
False
Is 35723321 composite?
False
Is 76039321 a prime number?
True
Is 207587111 a composite number?
False
Is 268405669 composite?
True
Is 2859281 a composite number?
True
Is 805676981 a composite number?
False
Is 260068531 a prime number?
False
Is 11096749 a prime number?
True
Is 2373193 composite?
False
Is 105448591 a composite number?
False
Is 618451 a composite number?
True
Is 47334317 prime?
True
Is 167153929 prime?
True
Is 7721045 a prime number?
False
Is 8811826 a prime number?
False
Is 1271357 a prime number?
False
Is 65333063 a prime number?
True
Is 1121941487 a prime number?
False
Is 136111 composite?
False
Is 1735199 a composite number?
False
Is 105558857 a composite number?
False
Is 39974015 composite?
True
Is 82568401 composite?
False
Is 3296437 prime?
True
Is 42624713 composite?
False
Is 194819833 a composite number?
True
Is 23488589 composite?
True
Is 248968883 composite?
False
Is 432023 prime?
True
Is 313236155 composite?
True
Is 603679 composite?
False
Is 304185599 composite?
False
Is 3519209 prime?
True
Is 111561941 composite?
False
Is 50522369 a prime number?
False
Is 195395378 a composite number?
True
Is 123602471 prime?
False
Is 92020793 composite?
True
Is 137223509 a prime number?
True
Is 84269353 composite?
True
Is 414541 composite?
True
Is 3466241 composite?
False
Is 7628783 composite?
True
Is 675541733 composite?
True
Is 253109 a composite number?
False
Is 868841 composite?
False
Is 16554877 a prime number?
False
Is 38487996